[INFO] fetching crate kernel-asound-sys 0.3.0...
[INFO] checking kernel-asound-sys-0.3.0 against master#e6e4f7ed1589e03bc2f6c5931c1a72e7947e8682 for beta-170-4
[INFO] extracting crate kernel-asound-sys 0.3.0 into /workspace/builds/worker-2-tc2/source
[INFO] validating manifest of crates.io crate kernel-asound-sys 0.3.0 on toolchain e6e4f7ed1589e03bc2f6c5931c1a72e7947e8682
[INFO] running `Command { std: CARGO_HOME="/workspace/cargo-home" RUSTUP_HOME="/workspace/rustup-home" "/workspace/cargo-home/bin/cargo" "+e6e4f7ed1589e03bc2f6c5931c1a72e7947e8682" "metadata" "--manifest-path" "Cargo.toml" "--no-deps", kill_on_drop: false }`
[INFO] started tweaking crates.io crate kernel-asound-sys 0.3.0
[INFO] finished tweaking crates.io crate kernel-asound-sys 0.3.0
[INFO] tweaked toml for crates.io crate kernel-asound-sys 0.3.0 written to /workspace/builds/worker-2-tc2/source/Cargo.toml
[INFO] running `Command { std: CARGO_HOME="/workspace/cargo-home" RUSTUP_HOME="/workspace/rustup-home" __CARGO_TEST_CHANNEL_OVERRIDE_DO_NOT_USE_THIS="nightly" "/workspace/cargo-home/bin/cargo" "+e6e4f7ed1589e03bc2f6c5931c1a72e7947e8682" "generate-lockfile" "--manifest-path" "Cargo.toml" "-Zno-index-update", kill_on_drop: false }`
[INFO] running `Command { std: CARGO_HOME="/workspace/cargo-home" RUSTUP_HOME="/workspace/rustup-home" "/workspace/cargo-home/bin/cargo" "+e6e4f7ed1589e03bc2f6c5931c1a72e7947e8682" "fetch" "--manifest-path" "Cargo.toml", kill_on_drop: false }`
[INFO] running `Command { std: "docker" "create" "-v" "/var/lib/crater-agent-workspace/builds/worker-2-tc2/target:/opt/rustwide/target:rw,Z" "-v" "/var/lib/crater-agent-workspace/builds/worker-2-tc2/source:/opt/rustwide/workdir:ro,Z" "-v" "/var/lib/crater-agent-workspace/cargo-home:/opt/rustwide/cargo-home:ro,Z" "-v" "/var/lib/crater-agent-workspace/rustup-home:/opt/rustwide/rustup-home:ro,Z" "-e" "SOURCE_DIR=/opt/rustwide/workdir" "-e" "CARGO_TARGET_DIR=/opt/rustwide/target" "-e" "CARGO_HOME=/opt/rustwide/cargo-home" "-e" "RUSTUP_HOME=/opt/rustwide/rustup-home" "-w" "/opt/rustwide/workdir" "-m" "1610612736" "--user" "0:0" "--network" "none" "ghcr.io/rust-lang/crates-build-env/linux@sha256:19e73879b68f455e41552ea35293514db52ea292d993f571636dbffedb77a1ee" "/opt/rustwide/cargo-home/bin/cargo" "+e6e4f7ed1589e03bc2f6c5931c1a72e7947e8682" "metadata" "--no-deps" "--format-version=1", kill_on_drop: false }`
[INFO] [stdout] a0e28bbb24c3068494efc6a9d42719df733d8563f3b1a5bb02c62b3469c77ee4
[INFO] running `Command { std: "docker" "start" "-a" "a0e28bbb24c3068494efc6a9d42719df733d8563f3b1a5bb02c62b3469c77ee4", kill_on_drop: false }`
[INFO] running `Command { std: "docker" "inspect" "a0e28bbb24c3068494efc6a9d42719df733d8563f3b1a5bb02c62b3469c77ee4", kill_on_drop: false }`
[INFO] running `Command { std: "docker" "rm" "-f" "a0e28bbb24c3068494efc6a9d42719df733d8563f3b1a5bb02c62b3469c77ee4", kill_on_drop: false }`
[INFO] [stdout] a0e28bbb24c3068494efc6a9d42719df733d8563f3b1a5bb02c62b3469c77ee4
[INFO] running `Command { std: "docker" "create" "-v" "/var/lib/crater-agent-workspace/builds/worker-2-tc2/target:/opt/rustwide/target:rw,Z" "-v" "/var/lib/crater-agent-workspace/builds/worker-2-tc2/source:/opt/rustwide/workdir:ro,Z" "-v" "/var/lib/crater-agent-workspace/cargo-home:/opt/rustwide/cargo-home:ro,Z" "-v" "/var/lib/crater-agent-workspace/rustup-home:/opt/rustwide/rustup-home:ro,Z" "-e" "SOURCE_DIR=/opt/rustwide/workdir" "-e" "CARGO_TARGET_DIR=/opt/rustwide/target" "-e" "CARGO_INCREMENTAL=0" "-e" "RUST_BACKTRACE=full" "-e" "RUSTFLAGS=--cap-lints=forbid" "-e" "RUSTDOCFLAGS=--cap-lints=forbid" "-e" "CARGO_HOME=/opt/rustwide/cargo-home" "-e" "RUSTUP_HOME=/opt/rustwide/rustup-home" "-w" "/opt/rustwide/workdir" "-m" "1610612736" "--user" "0:0" "--network" "none" "ghcr.io/rust-lang/crates-build-env/linux@sha256:19e73879b68f455e41552ea35293514db52ea292d993f571636dbffedb77a1ee" "/opt/rustwide/cargo-home/bin/cargo" "+e6e4f7ed1589e03bc2f6c5931c1a72e7947e8682" "check" "--frozen" "--all" "--all-targets" "--message-format=json", kill_on_drop: false }`
[INFO] [stdout] c606f7a0cbc4192103435fbd9f2f61faefe10f9c68073a28f407df1d2d5b2dcb
[INFO] running `Command { std: "docker" "start" "-a" "c606f7a0cbc4192103435fbd9f2f61faefe10f9c68073a28f407df1d2d5b2dcb", kill_on_drop: false }`
[INFO] [stderr]    Compiling libc v0.2.144
[INFO] [stderr]    Compiling glob v0.3.1
[INFO] [stderr]    Compiling proc-macro2 v1.0.59
[INFO] [stderr]    Compiling quote v1.0.28
[INFO] [stderr]    Compiling humantime v2.1.0
[INFO] [stderr]    Compiling nom v5.1.3
[INFO] [stderr]    Compiling libloading v0.7.4
[INFO] [stderr]    Compiling bindgen v0.57.0
[INFO] [stderr]    Compiling lazycell v1.3.0
[INFO] [stderr]    Compiling rustc-hash v1.1.0
[INFO] [stderr]    Compiling shlex v0.1.1
[INFO] [stderr]     Checking ioctl-sys v0.7.1
[INFO] [stderr]    Compiling clang-sys v1.6.1
[INFO] [stderr]    Compiling atty v0.2.14
[INFO] [stderr]    Compiling which v3.1.1
[INFO] [stderr]    Compiling clap v2.34.0
[INFO] [stderr]    Compiling env_logger v0.8.4
[INFO] [stderr]    Compiling cexpr v0.4.0
[INFO] [stderr]    Compiling kernel-asound-sys v0.3.0 (/opt/rustwide/workdir)
[INFO] [stdout] error[E0412]: cannot find type `__snd_pcm_sync_ptr` in this scope
[INFO] [stdout]   --> /opt/rustwide/target/debug/build/kernel-asound-sys-c3899c9bdffdae3c/out/regex.rs:97:77
[INFO] [stdout]    |
[INFO] [stdout] 97 | ioctl_sys::ioctl!(try readwrite __SNDRV_PCM_IOCTL_SYNC_PTR with b'A', 0x23; __snd_pcm_sync_ptr);
[INFO] [stdout]    |                                                                             ^^^^^^^^^^^^^^^^^^ help: a struct with a similar name exists: `snd_pcm_sync_ptr`
[INFO] [stdout]    |
[INFO] [stdout]   ::: /opt/rustwide/target/debug/build/kernel-asound-sys-c3899c9bdffdae3c/out/bindings.rs:3:30498
[INFO] [stdout]    |
[INFO] [stdout] 3  | ...# [derive (Copy , Clone)] pub struct snd_pcm_sync_ptr { pub flags : :: std :: os :: raw :: c_uint , pub s : snd_pcm_sync_ptr__bindgen_...
[INFO] [stdout]    |                              --------------------------- similarly named struct `snd_pcm_sync_ptr` defined here
[INFO] [stdout] 
[INFO] [stdout] 
[INFO] [stdout] error[E0412]: cannot find type `__snd_pcm_sync_ptr64` in this scope
[INFO] [stdout]   --> /opt/rustwide/target/debug/build/kernel-asound-sys-c3899c9bdffdae3c/out/regex.rs:98:79
[INFO] [stdout]    |
[INFO] [stdout] 98 | ioctl_sys::ioctl!(try readwrite __SNDRV_PCM_IOCTL_SYNC_PTR64 with b'A', 0x23; __snd_pcm_sync_ptr64);
[INFO] [stdout]    |                                                                               ^^^^^^^^^^^^^^^^^^^^ help: a struct with a similar name exists: `snd_pcm_sync_ptr`
[INFO] [stdout]    |
[INFO] [stdout]   ::: /opt/rustwide/target/debug/build/kernel-asound-sys-c3899c9bdffdae3c/out/bindings.rs:3:30498
[INFO] [stdout]    |
[INFO] [stdout] 3  | ...# [derive (Copy , Clone)] pub struct snd_pcm_sync_ptr { pub flags : :: std :: os :: raw :: c_uint , pub s : snd_pcm_sync_ptr__bindgen_...
[INFO] [stdout]    |                              --------------------------- similarly named struct `snd_pcm_sync_ptr` defined here
[INFO] [stdout] 
[INFO] [stdout] 
[INFO] [stdout] error[E0412]: cannot find type `__snd_pcm_sync_ptr` in this scope
[INFO] [stdout]   --> /opt/rustwide/target/debug/build/kernel-asound-sys-c3899c9bdffdae3c/out/regex.rs:97:77
[INFO] [stdout]    |
[INFO] [stdout] 97 | ioctl_sys::ioctl!(try readwrite __SNDRV_PCM_IOCTL_SYNC_PTR with b'A', 0x23; __snd_pcm_sync_ptr);
[INFO] [stdout]    |                                                                             ^^^^^^^^^^^^^^^^^^ help: a struct with a similar name exists: `snd_pcm_sync_ptr`
[INFO] [stdout]    |
[INFO] [stdout]   ::: /opt/rustwide/target/debug/build/kernel-asound-sys-c3899c9bdffdae3c/out/bindings.rs:3:30498
[INFO] [stdout]    |
[INFO] [stdout] 3  | ...# [derive (Copy , Clone)] pub struct snd_pcm_sync_ptr { pub flags : :: std :: os :: raw :: c_uint , pub s : snd_pcm_sync_ptr__bindgen_...
[INFO] [stdout]    |                              --------------------------- similarly named struct `snd_pcm_sync_ptr` defined here
[INFO] [stdout] 
[INFO] [stdout] 
[INFO] [stdout] error[E0412]: cannot find type `__snd_pcm_sync_ptr64` in this scope
[INFO] [stdout]   --> /opt/rustwide/target/debug/build/kernel-asound-sys-c3899c9bdffdae3c/out/regex.rs:98:79
[INFO] [stdout]    |
[INFO] [stdout] 98 | ioctl_sys::ioctl!(try readwrite __SNDRV_PCM_IOCTL_SYNC_PTR64 with b'A', 0x23; __snd_pcm_sync_ptr64);
[INFO] [stdout]    |                                                                               ^^^^^^^^^^^^^^^^^^^^ help: a struct with a similar name exists: `snd_pcm_sync_ptr`
[INFO] [stdout]    |
[INFO] [stdout]   ::: /opt/rustwide/target/debug/build/kernel-asound-sys-c3899c9bdffdae3c/out/bindings.rs:3:30498
[INFO] [stdout]    |
[INFO] [stdout] 3  | ...# [derive (Copy , Clone)] pub struct snd_pcm_sync_ptr { pub flags : :: std :: os :: raw :: c_uint , pub s : snd_pcm_sync_ptr__bindgen_...
[INFO] [stdout]    |                              --------------------------- similarly named struct `snd_pcm_sync_ptr` defined here
[INFO] [stdout] 
[INFO] [stdout] 
[INFO] [stdout] error: aborting due to 2 previous errors
[INFO] [stdout] 
[INFO] [stdout] 
[INFO] [stdout] For more information about this error, try `rustc --explain E0412`.
[INFO] [stdout] 
[INFO] [stderr] error: could not compile `kernel-asound-sys` (lib test) due to 3 previous errors
[INFO] [stderr] warning: build failed, waiting for other jobs to finish...
[INFO] [stdout] error: aborting due to 2 previous errors
[INFO] [stdout] 
[INFO] [stdout] 
[INFO] [stdout] For more information about this error, try `rustc --explain E0412`.
[INFO] [stdout] 
[INFO] [stderr] error: could not compile `kernel-asound-sys` (lib) due to 3 previous errors
[INFO] running `Command { std: "docker" "inspect" "c606f7a0cbc4192103435fbd9f2f61faefe10f9c68073a28f407df1d2d5b2dcb", kill_on_drop: false }`
[INFO] running `Command { std: "docker" "rm" "-f" "c606f7a0cbc4192103435fbd9f2f61faefe10f9c68073a28f407df1d2d5b2dcb", kill_on_drop: false }`
[INFO] [stdout] c606f7a0cbc4192103435fbd9f2f61faefe10f9c68073a28f407df1d2d5b2dcb
